0. Suppose 2*q - 7 - r = y, 5*y - 17 = -2*q. What is the remainder when 30 is divided by q?
8
Let a(z) = -23*z + 1. Let j be a(1). Let s = 8 + j. Let h = s + 34. What is the remainder when h is divided by 11?
9
Suppose 211 = 2*t - 29. Calculate the remainder when t is divided by 31.
27
What is the remainder when (4/6)/((-22)/(-363)) is divided by ((-1)/(-2))/((-1)/(-14))?
4
Calculate the remainder when 1 - 0/1 - (-126 - 2) is divided by 13.
12
Suppose -2*s + 6*s = 52. Let q(p) = p**2 + 4*p + 3. Let f be q(-4). What is the remainder when s is divided by 30/4 - f/6?
6
Let w = -3 + 7. Let p(h) = 5*h + 4. Calculate the remainder when p(w) is divided by 13.
11
Suppose 0 = -2*p + 23 + 17. Calculate the remainder when 78 is divided by p.
18
Suppose -4 + 79 = 3*n. Suppose -26 - n = -3*h. What is the remainder when 50 is divided by h?
16
Let c be (1 - 2/4)*6. Suppose m - 30 = 6*m + 2*p, p = c*m + 18. Calculate the remainder when 27 is divided by 0*(-2)/m + 14.
13
Suppose -92 = -2*n - 4*s, -9 = -5*s + 11. Calculate the remainder when n is divided by 10.
8
Let b be (4/6 - 1)*0. Let f(n) = -4 + 3 - 3*n + b. Calculate the remainder when 26 is divided by f(-5).
12
Let z(w) = -w**3 + 5*w**2 + 3*w - 17. Calculate the remainder when 53 is divided by z(4).
9
Suppose -2*k + 0*k + 4 = 0. Suppose -z + 39 = k*z. What is the remainder when 38 is divided by z?
12
Suppose 5 = -o - 3. Calculate the remainder when 29 is divided by (4/(-5))/(o/100).
9
Suppose 154 = 9*u + 2*u. What is the remainder when 67 is divided by u?
11
Let w = 23 + 6. Calculate the remainder when w is divided by 10.
9
Let j = -21 + 43. Let f = 96 + 33. Let y = f - 86. What is the remainder when y is divided by j?
21
What is the remainder when 30 is divided by (120/(-9))/(-5)*3?
6
Suppose j - 3*u = -4*u + 21, -4*j + 4*u = -44. What is the remainder when j is divided by 6?
4
Suppose 14*i - 84 = 8*i. Let f(y) = y**3 + 2*y**2 - y - 2. Let a(o) = -4*o - 1. Let x be a(-1). Calculate the remainder when f(x) is divided by i.
12
Let t be 3 - (-4)/(-1) - -3. Suppose 7 = -5*w + 22. Suppose 4*p - 4*a - a = 131, w*a = t*p - 65. What is the remainder when p is divided by 12?
10
Let a = -8 - -18. Let i = -7 + a. Suppose 0*p + 114 = i*p. What is the remainder when p is divided by 13?
12
Suppose -3*r - 628 = -7*r. Calculate the remainder when r is divided by 40.
37
Suppose -4*k - a + 355 = 2*a, 155 = 2*k - 3*a. What is the remainder when k is divided by 23?
16
Suppose -3*u = u - 56. Calculate the remainder when (11/(-2))/(3/30*-1) is divided by u.
13
Suppose 0 = -4*w + 4*s - 12, -5*w - 4*s = 1 - 13. Suppose r + w + 3 = 0. What is the remainder when (-12)/18 - 47/r is divided by 8?
7
Suppose -z = 2*q - 29, -2*z - 73 = -4*q - z. What is the remainder when q is divided by 5?
2
Let h(z) = -z**3 + 2*z - 1. Let c be 2 + -3 + (0 - -1). Let p be -1 - c - -1 - 2. What is the remainder when h(p) is divided by 2?
1
Suppose 0 = -10*o - o + 110. Suppose 2*k - 97 = -5*t, -t + 39 = t + k. What is the remainder when t is divided by o?
9
Suppose 0 = -2*p + 41 + 7. Let a = p - 17. Suppose 2*n - n - a = 0. Calculate the remainder when 11 is divided by n.
4
Suppose 5*x - 28 = -r - 7, 4*x = -3*r + 19. Calculate the remainder when 11 is divided by x.
3
Let x(v) = 10*v + 3. Let l be x(4). Suppose y + 5*g = l, 4*g - 6*g - 8 = -y. Calculate the remainder when y is divided by 5.
3
Suppose 6*u + 8*u = 308. What is the remainder when 108 is divided by u?
20
Suppose -3*g - 50 = -7*g + 2*j, -24 = -3*g - 3*j. What is the remainder when 1 + g - 21/7 is divided by 3?
0
Let u(g) = -2*g + 12. Let y be u(7). What is the remainder when -1 - 0/y - -5 is divided by 3?
1
Let b be (4/5)/(3/15). Suppose -i - q = -20, -b*i - 4*q + 105 = i. Calculate the remainder when i is divided by (-3 - 0) + 2 - -10.
7
What is the remainder when 30 is divided by 10 + (2 - (5 - 1))?
6
Let h(q) = 27*q**2 + 1. What is the remainder when 83 is divided by h(1)?
27
Let h be 605/20 - (-2)/(-8). What is the remainder when h/((-9)/(-6) + 0) is divided by 11?
9
Let v(h) be the second derivative of -2*h + 1/2*h**3 + h**2 + 0. What is the remainder when v(5) is divided by 10?
7
Suppose -4*x + 5*f = 17, 3*x - 5*f + 21 = x. Suppose -31 = -x*v - c, 3*v - c - 40 = 4*c. What is the remainder when 57 is divided by v?
12
Suppose 4*z - 2*z = 2*n, 0 = -z + 4*n - 15. What is the remainder when 33 is divided by z?
3
Suppose 31 = -4*p + 5*p + 3*w, 2*w - 72 = -3*p. Suppose -2*d + 7*d = -4*c + p, -3*d + 22 = -2*c. What is the remainder when 3*3 - (1 - 2) is divided by d?
4
Let p = -438 + 454. Suppose 5*q - 2*x = 229, 3*x = -4*q - 0*q + 174. Calculate the remainder when q is divided by p.
13
Let p = 222 - 155. Calculate the remainder when p is divided by 10.
7
Let i = 6 - 2. Suppose 0 = 4*t - 3*p - 27, 3*p = 5*t + 9 - 42. Calculate the remainder when t is divided by i.
2
Let q = -17 - -11. Let p = q + 10. Suppose -18 = p*k - 94. What is the remainder when k is divided by 10?
9
Suppose 0 = -2*f - 4 + 2. Suppose -z = -0*z - 8. Calculate the remainder when (-268)/(-12) - f/(-3) is divided by z.
6
Let h = 6 + -4. Suppose 6*y - 104 = h*y. Calculate the remainder when y is divided by -5*(42/(-15) + 1).
8
Suppose 5*f - 355 = -0*f. Let b = -4 - -22. What is the remainder when f is divided by b?
17
Let b(h) = -h**3 - 3*h**2 + 7*h + 8. Calculate the remainder when 91 is divided by b(-5).
22
Let y be 254/(-9) - 12/(-54). Let d = -16 - y. Calculate the remainder when d is divided by 5.
2
Suppose -2*x - 3*a + 44 = -5*a, x - 26 = 2*a. Calculate the remainder when x is divided by 5.
3
Let o = 3 - 3. Suppose 12 = 5*t + 2*q, 4*t + o*q = -q + 9. Suppose 3*i - 21 = -p + 7*i, -t*p = -4*i - 34. Calculate the remainder when 37 is divided by p.
11
Let n = 7 + -2. Suppose 5*h - 44 = -4*a + 2*a, -a + 4*h = -9. Calculate the remainder when a is divided by n.
2
Let c(n) = -n**2 + 2*n + 8*n**3 + 1 - 3*n**2 + 1. Let l = -6 + 8. What is the remainder when c(l) is divided by 14?
12
Suppose -v - 240 = -5*n + 3*v, -205 = -5*n - 3*v. Calculate the remainder when 217 is divided by n.
41
Suppose -g + 1 = 0, 3*g + 0*g = 2*x - 33. What is the remainder when x is divided by (0 - 1)/((-1)/10)?
8
Suppose -q + 24 = 5*m, 5*m - 2*q = 3*q. Calculate the remainder when 15 is divided by m.
3
What is the remainder when -3*1*896/(-48) is divided by 15?
11
Suppose -s - 10 = -3*l, 2*s + s = 3*l. Let u(x) = x**2 - 7*x - 2. Let w be u(s). Let y = 3 - w. Calculate the remainder when 28 is divided by y.
13
Suppose 4 = -2*g + 6. What is the remainder when 6/((-3 + g)/(-8)) is divided by ((-1)/2)/((-1)/26)?
11
Suppose -3*x + a = -3, 2*x + 3*a - 19 = -3*x. Let d = 5 - x. What is the remainder when 7 is divided by d?
1
Suppose 4*a - 56 = -4*u - 0*u, -32 = -4*u + 2*a. Suppose -2*k - 2*w = -22, -3*k + 2*k - 2*w = -u. Calculate the remainder when k is divided by 7.
5
Let a(b) = -b**3 + 7*b**2 + 4*b - 4. What is the remainder when a(7) is divided by 13?
11
Suppose -2*n + 3 = -7. Suppose -4*r + 60 = -n*x, r + 5*x - 45 = -5. Let c(w) = -w**2 - 7*w + 1. Calculate the remainder when r is divided by c(-6).
6
Suppose 0 = g + 1, 0 = -i + 3*g - 0*g - 1. Let v = 8 - i. Calculate the remainder when 22 is divided by v.
10
Let r = 7 + 4. Let y(i) be the third derivative of i**4/12 - 8*i**3/3 - 4*i**2. Calculate the remainder when r is divided by y(11).
5
Suppose 3*i = 4*h - 1 + 60, -2*i + h = -36. What is the remainder when i is divided by 9?
8
Suppose -4*o + 2*u = 3*u + 13, 3*o = -4*u - 26. Let b be ((-5)/2)/(o/(-4)). What is the remainder when 7 is divided by 8/((-1 + b)/(-3))?
3
Let a(x) = -5*x**3 + 7*x**2 + 4*x - 18. Let i(d) = 4*d**3 - 8*d**2 - 5*d + 17. Let o(z) = -5*a(z) - 6*i(z). What is the remainder when o(-12) is divided by 3?
0
Let i = -1 - -24. What is the remainder when i is divided by 6*(1 - -1) - 4?
7
Let o = -40 + 57. Let r = -4 + o. What is the remainder when r is divided by 5?
3
Suppose 6*l - 8*l = -122. What is the remainder when l is divided by 19?
4
Suppose 9*d - 18 = 6*d. Suppose -d*g + 89 = -5*g. What is the remainder when g is divided by 23?
20
Let b = 52 - 42. Let u = -5 + 11. What is the remainder when b is divided by u?
4
Suppose -d - 3*w - 104 = -6*d, -5*d - 3*w + 116 = 0. What is the remainder when d is divided by (6 - 0) + (1 - -1)?
6
